{"id":151,"date":"2019-08-29T15:48:07","date_gmt":"2019-08-29T13:48:07","guid":{"rendered":"https:\/\/micronauta.com\/DOLORS\/?page_id=151"},"modified":"2025-07-26T10:37:17","modified_gmt":"2025-07-26T08:37:17","slug":"admin","status":"publish","type":"page","link":"https:\/\/micronauta.com\/DOLORS\/admin\/","title":{"rendered":"Favoritos"},"content":{"rendered":"\n<p><strong>Short: <a href=\"https:\/\/youtube.com\/shorts\/voR7dC5fw4g?si=LriNNKzNp9d1DPAh\">Qui\u00e9n eres vs qui\u00e9n podr\u00edas ser<\/a><\/strong> M A Puig . . . Goethe: <strong>\u00abTrata a una persona como parece que es y seguir\u00e1 siendo como siempre ha sido. Tr\u00e1tala como podr\u00eda llegar a ser y, se convertir\u00e1 en qui\u00e9n est\u00e1 llamada a ser\u00bb<\/strong> . . . <\/p>\n\n\n\n<p><strong>Short: <a href=\"https:\/\/youtube.com\/shorts\/cjrSKhBs9cU?si=B8ToDjUTNw-Q77jt\">Mi vida tiene sentido<\/a><\/strong> LamaRinchen . . . <strong>El \u00fanico y el verdadero objetivo de la vida es, eliminar los velos que no dejan aflorar nuestra grandeza, crecer y madurar en el camino.<\/strong> \u00abHaz lo mejor que puedas, en las circunstancias en las que te encuentres. No importa en el monento en el que tu capacidad de entendimiento est\u00e9, lo verdaderamente importante es<strong> que yo estoy aprovechando y maximizando mi oportunidad y mi vida tiene sentido . . . <\/strong>No hay otra opci\u00f3n posible!! De lo contrario seguimos dormidos con la distracci\u00f3n, la sedaci\u00f3n . . .<\/p>\n\n\n\n<p><strong><a href=\"https:\/\/youtu.be\/_9Gl2lwctcw\">Los pensamientos curan m\u00e1s que los medicamentos<\/a><\/strong> Bruce Lipton<\/p>\n\n\n\n<p><strong><a href=\"https:\/\/www.youtube.com\/live\/dloomm4uNPI?si=edOlqL81PBUYsXJS\">Los pensamientos, el tesoro de la vida<\/a><\/strong> E Sim\u00f3 . . . <strong>La meditaci\u00f3n es una reflexi\u00f3n interna<\/strong>, desde el silencio. <strong>Cuando nos damos cuenta de que, creamos toda nuestra historia en nuestros pensamientos, que la semilla de todo lo que nos est\u00e1 pasando est\u00e1 en nuestros pensamientos. Que podemos crear una historia nueva si cambiamos la semilla de nuestros pensamientos, la vida cambia<\/strong>. El hecho de ser conscientes de nuestros pensamientos, de qu\u00e9 nos cuenta nuestra mente, es algo que, para la gran mayor\u00eda de personas, es que ni siquiera est\u00e1 en su radar. <strong>Ni siquiera se imaginan que pueden ser conscientes de sus pensamientos y de que pueden cambiarlos<\/strong>. Nuestros pensamientos pueden crear un infierno o un para\u00edso en nuestras vidas. Muchos, quieren anular la mente, porque s\u00f3lo conocen la parte infernal. Esa mente que, genera tanto ru\u00eddo, tanto malestar, tanta angustia dentro y tanto sufrimiento. Creen que la mente es mala y dicen que, hay que eliminarla. <strong>La mente es como el dinero<\/strong>. El dinero es un elemento con el que <strong>puedes construir un hospital o crear una guerra<\/strong>. El dinero es un papel, un n\u00famero. <strong>La mente es, una facultad que crea pensamientos y los pensamientos son energ\u00eda. Qu\u00e9 tipo de energ\u00eda estou creando? <\/strong>Energ\u00eda poderosa, positiva, elevada, constructiva o estoy creando una energ\u00eda d\u00e9bil, negativa, de baja vibraci\u00f3n. En realidad,<strong> la mente es neutra y t\u00fa eres el creador de tus pensamientos<\/strong>. Con tu mente, <strong>creas un para\u00edso y con esos pensamientos tienes el poder de influir en los dem\u00e1s positivamente<\/strong>: creando un buen ambiente, inspirarles a ahacer esfuerzos, motivarles a ver la vida de otra manera . . . o creas un infierno y con esos pensamientos negativos generan mal ambiente, discusi\u00f3n con los dem\u00e1s, rechazo, averesi\u00f3n, reacciones y es que <strong>T\u00fa eliges! Es tu mente y es tu responsabilidad ser consciente de las semillas que est\u00e1s plantando en ella<\/strong>. Y es que, los pensamientos son el mayor tesoro de nuestra vida . . .<\/p>\n\n\n\n<p><strong>Short: <a href=\"https:\/\/youtube.com\/shorts\/6EFZ8UNn3Ro?si=9HUn4_sTD-HvzKcy\">C\u00f3mo desarrollar una actitud<\/a><\/strong> MAP . . . Deja de dudar de t\u00ed mismo. <strong>Tu capacidad es mucho mayor de lo que crees. La \u00fanica manera de que lo puedas comprobar es teniendo evidencias<\/strong> y, esas evidencias s\u00f3lo las vas a obtener si te pones en marcha. As\u00ed que preg\u00fantate: <strong>Cu\u00e1l es el paso m\u00e1s peque\u00f1ito que me atrevo a dar? <\/strong>y dalo! porque te dar\u00e1s cuenta de que el mundo real es mucho m\u00e1s ben\u00e9volo que el mundo mental. <strong>El mundo real te demostrar\u00e1 qui\u00e9n eres de verdad mientras que el mundo mental te mantendr\u00e1 atrapado en qui\u00e9n te crees que eres<\/strong> . . .<\/p>\n\n\n\n<p><strong>Short: <\/strong>\u00ab<strong><a href=\"https:\/\/youtube.com\/shorts\/or6Vlxpy4E8?si=oIPWH0dW6YOgd5C8\">El misterio es la cosa m\u00e1s hermosa que podemos experimentar <\/a><\/strong>AEinstein . . . <strong>Es la fuente de todo arte y ciencia verdaderos. Aquel que no conoce esta emoci\u00f3n, que no puede detenerse a maravillarse y, quedarse absorto de asombro, est\u00e1 dormido, sus ojos est\u00e1n cerrados<\/strong>\u00ab&#8230;<\/p>\n\n\n\n<p><strong>Short: <a href=\"https:\/\/youtube.com\/shorts\/UrUs22_Kmak?si=G0v2e3e4svlw0nNs\">\u00abToda crisis es una herida por donde entra la luz\u00bb<\/a><\/strong> \u00c0lexRovira . . . <strong>Nada de lo bueno o lo menos bueno que nos suceda, es para siempre<\/strong>. Por tanto, vale la pena vivir el ahora, el momento presente. <strong>Aprovechar el tiempo y disfrutarlo y que podamos extraer todo el aprendizaje de las circunstancias desafiantes o retantes que la vida nos pone en el camino<\/strong>. Es por las heridas, por donde podemos ver la luz; por eso, lo que a veces puede parecer mala suerte, quiz\u00e1s <strong>con el tiempo, se puede convertir en nuestra fuente de creatividad<\/strong> . . . Ver cuento: <strong><a href=\"https:\/\/youtu.be\/6GPRMzvgyjo?si=G4e2AQ9WbzxZb5jn\">\u00abEsto tambi\u00e9n pasar\u00e1\u00bb<\/a><\/strong><\/p>\n\n\n\n<p><strong><a href=\"https:\/\/youtu.be\/VLwrnxTl_i4\">C\u00f3mo ver todo lo que no te gusta de forma constructiva y positiva<\/a><\/strong> con <strong>Albert Espinosa, un gran referente<\/strong> <strong>y modelo de resiliencia.<\/strong><\/p>\n\n\n\n<p><\/p>\n\n\n\n<p><a href=\"https:\/\/youtu.be\/H3DcZKsDE0s\"><strong>How to make time for meditation<\/strong><\/a> (animated short film 3&#8242;)<\/p>\n\n\n\n<p>(<strong>\u00daltimo<\/strong> <strong>Curso<\/strong> realizado) Octubre\/ 21:  <a href=\"https:\/\/www.youtube.com\/watch?v=UuHCj-S4b7I&amp;list=PL7Eb8IuQmvNghPqJLWLYaaE1pnocz3yt-&amp;index=2&amp;t=6s\"><strong>Curso Completo de Meditaci\u00f3n RAJA YOGA<\/strong><\/a> <strong>Una verdadera joya de conocimento y sabidur\u00eda para entender<\/strong>, comprender de d\u00f3nde venimos, qu\u00e9 somos, cu\u00e1l nuestra misi\u00f3n y nuestro objetivo . . . con Enrique Sim\u00f3<\/p>\n\n\n\n<p>(<strong>Primer<\/strong> <strong>Curso<\/strong> realizado) Marzo\/ 20:  <strong>1\/6: Curso Esencial de \u00abPensamiento Positivo y Meditaci\u00f3n Raja Yoga\u00bb <a href=\"https:\/\/youtu.be\/82N58cQjDAQ\">Entender c\u00f3mo funciona nuestra mente y c\u00f3mo nos identificamos<\/a><\/strong> con Enrique Sim\u00f3<br><br><strong>2\/6:<\/strong> <strong>Curso Esencial de \u00abPensamiento Positivo y Meditaci\u00f3n Raja Yoga\u00bb<\/strong> <strong><a href=\"https:\/\/youtu.be\/zlAxuVDDrVU\">Identidad espiritual: Facultades del alma y su conexi\u00f3n con la din\u00e1mica interior de nuestro ser<\/a><\/strong> con Enrique Sim\u00f3.<\/p>\n\n\n\n<p><strong>3\/6: Curso Esencial de \u00abPensamiento Positivo y Meditaci\u00f3n Raja Yoga\u00bb<\/strong> <strong><a href=\"https:\/\/youtu.be\/cr_DEAEIVcc\">Conexi\u00f3n con lo m\u00e1s Divino, con esa Luz que nos da Energ\u00eda en nuestra vida<\/a><\/strong> con Enrique Sim\u00f3<\/p>\n\n\n\n<p><strong>4\/6:<\/strong>  <strong>Curso Esencial de \u00abPensamiento Positivo y Meditaci\u00f3n Raja Yoga\u00bb<\/strong> <strong><a href=\"https:\/\/youtu.be\/8h_Z5hAHWYs\">La Ley del Karma: Causa &#8211; Efecto \u00ablo que siembro, recoger\u00e9\u00bb<\/a><\/strong> con Enrique Sim\u00f3<\/p>\n\n\n\n<p>Y como muchas veces pasa, que <strong>las dudas de algunos, pueden ser aclaraciones para otros<\/strong> . . . <\/p>\n\n\n\n<p><strong>5\u00aa Sesi\u00f3n<a href=\"https:\/\/youtu.be\/glUJVSmvzoM\"> Preguntas y Respuestas<\/a><\/strong> del <strong>Curso Esencial de \u00abPensamiento Positivo y Meditaci\u00f3n Raja Yoga\u00bb<\/strong> impartido por Enrique Sim\u00f3<\/p>\n\n\n\n<p><strong>6\u00aa Sesi\u00f3n Turno de <a href=\"https:\/\/youtu.be\/ocLJTZAAOyk\">Preguntas y Respuestas II<\/a> del Curso Esencial de Meditaci\u00f3n Raja Yoga<\/strong> con Enrique Sim\u00f3<\/p>\n\n\n\n<p class=\"has-background\" style=\"background-color:#d052e0\">Ver: <strong><a href=\"https:\/\/micronauta.com\/DOLORS\/meditaciones\/\">Meditaciones Guiadas<\/a> <\/strong>online programadas y ya realizadas: <\/p>\n\n\n\n<p><strong><a href=\"https:\/\/aembk.es\/\">Activitats setmanals online BK<\/a><\/strong><\/p>\n\n\n\n<p><strong>Otros links:<\/strong><\/p>\n\n\n\n<p><strong><a href=\"https:\/\/youtu.be\/vdHFElyjOAc\">Sabias palabras y base del Budismo by Thich Nhat Hanh y Mantra de Avalokitesvara<\/a><\/strong><\/p>\n\n\n\n<p><a href=\"https:\/\/www.brahmakumaris.org\/es\/meditaci%C3%B3n\/c%C3%B3mo-meditar\">\u00bfC\u00f3mo meditar? <\/a><strong><a href=\"https:\/\/youtu.be\/Ab-GKEz7sYw\">Recupera tu fuerza en 1 minuto<\/a><\/strong><\/p>\n\n\n\n<p><a href=\"https:\/\/www.youtube.com\/watch?v=ikBZNUDwHbI\"><strong>\u00bfC\u00f3mo entrenar esa mente de mono que tanto nos manipula?<\/strong><\/a><\/p>\n\n\n\n<p><a href=\"https:\/\/www.comunidadkundalini.com\/noticias\/en-mayo\/\">Mantra para los cambios de Estaci\u00f3n<\/a><\/p>\n\n\n\n<p><a href=\"https:\/\/www.mundifrases.com\/s-libro\/el-poder-del-ahora-una-guia-para-la-iluminacion-espiritual\/\">El poder del <strong>AHORA<\/strong><\/a><\/p>\n\n\n\n<p><a href=\"https:\/\/www.youtube.com\/watch?v=xYmDyHC4Oc0  \">\u00bfQu\u00e9 somos en el Universo?<\/a><\/p>\n\n\n\n<p><a href=\"https:\/\/www.youtube.com\/watch?v=EhJV5PL-UDw\">\u00bfQue son las <strong>Banderas de Pregaria?<\/strong><\/a><\/p>\n\n\n\n<p><strong><a href=\"https:\/\/youtu.be\/4EzBP_N-urw\">\u00bfC\u00f3mo nos influye en nuestra vida el \u00abEfecto Mariposa\u00bb?<\/a><\/strong><\/p>\n\n\n\n<p><strong><a href=\"https:\/\/youtu.be\/vGR3qGjaSvY?si=uYsBYkUbIzjdkrO_\">La Teor\u00eda del Agua y c\u00f3mo nos influye c\u00f3mo nos hablamos! <\/a><\/strong>M Emoto<\/p>\n\n\n\n<p><\/p>\n\n\n\n<div class=\"wp-block-image\"><figure class=\"aligncenter is-resized\"><img loading=\"lazy\" src=\"https:\/\/micronauta.com\/DOLORS\/wp-content\/uploads\/2023\/10\/El-mundo-es-un-espejo.jpg\" alt=\"La imagen tiene un atributo ALT vac\u00edo; su nombre de archivo es El-mundo-es-un-espejo.jpg\" width=\"350\" height=\"350\"\/><figcaption><strong>Post: <a href=\"https:\/\/micronauta.com\/DOLORS\/wp-admin\/post.php?post=755&amp;action=edit\">La Ley del Espejo<\/a><\/strong><\/figcaption><\/figure><\/div>\n\n\n\n<p><\/p>\n\n\n\n<figure class=\"wp-block-embed-youtube wp-block-embed is-type-video is-provider-youtube wp-embed-aspect-16-9 wp-has-aspect-ratio\"><div class=\"wp-block-embed__wrapper\">\n<iframe title=\"La Ley del Espejo | Tu herramienta de Crecimiento Personal | Autoconocimiento\" width=\"640\" height=\"360\" src=\"https:\/\/www.youtube.com\/embed\/_AHLcpFHMSE?feature=oembed\" frameborder=\"0\" allow=\"accelerometer; autoplay; clipboard-write; encrypted-media; gyroscope; picture-in-picture; web-share\" referrerpolicy=\"strict-origin-when-cross-origin\" allowfullscreen><\/iframe>\n<\/div><\/figure>\n\n\n\n<p><\/p>\n\n\n\n<p><strong><a href=\"https:\/\/www.brahmakumaris.org\/es\/sabidur%C3%ADa\/conferencias-online\">Conferencias online BK<\/a><\/strong><\/p>\n\n\n\n<p><strong><a href=\"https:\/\/www.youtube.com\/channel\/UCR1XE71EuesXzxzwSdm8r3g\">Conferencias online BK para descubrir tus cualidades innatas<\/a><\/strong><\/p>\n\n\n\n<p><strong><a href=\"https:\/\/www.brahmakumaris.es\/recursos\/audio-visual\/audio_conferencias\">Audio-Conferencias BK<\/a><\/strong><\/p>\n\n\n\n<p><\/p>\n ","protected":false},"excerpt":{"rendered":"<p>Short: Qui\u00e9n eres vs qui\u00e9n podr\u00edas ser M A Puig . . . Goethe: \u00abTrata a una persona como parece que es y seguir\u00e1 siendo como siempre ha sido. Tr\u00e1tala como podr\u00eda llegar a ser y, se convertir\u00e1 en qui\u00e9n&#8230;<\/p>\n","protected":false},"author":1,"featured_media":0,"parent":0,"menu_order":0,"comment_status":"closed","ping_status":"closed","template":"","meta":[],"_links":{"self":[{"href":"https:\/\/micronauta.com\/DOLORS\/wp-json\/wp\/v2\/pages\/151"}],"collection":[{"href":"https:\/\/micronauta.com\/DOLORS\/wp-json\/wp\/v2\/pages"}],"about":[{"href":"https:\/\/micronauta.com\/DOLORS\/wp-json\/wp\/v2\/types\/page"}],"author":[{"embeddable":true,"href":"https:\/\/micronauta.com\/DOLORS\/wp-json\/wp\/v2\/users\/1"}],"replies":[{"embeddable":true,"href":"https:\/\/micronauta.com\/DOLORS\/wp-json\/wp\/v2\/comments?post=151"}],"version-history":[{"count":112,"href":"https:\/\/micronauta.com\/DOLORS\/wp-json\/wp\/v2\/pages\/151\/revisions"}],"predecessor-version":[{"id":18004,"href":"https:\/\/micronauta.com\/DOLORS\/wp-json\/wp\/v2\/pages\/151\/revisions\/18004"}],"wp:attachment":[{"href":"https:\/\/micronauta.com\/DOLORS\/wp-json\/wp\/v2\/media?parent=151"}],"curies":[{"name":"wp","href":"https:\/\/api.w.org\/{rel}","templated":true}]}}

<p><strong>Short: <a href="https://youtube.com/shorts/voR7dC5fw4g?si=LriNNKzNp9d1DPAh">Quién eres vs quién podrías ser</a></strong> M A Puig . . . Goethe: <strong>«Trata a una persona como parece que es y seguirá siendo como siempre ha sido. Trátala como podría llegar a ser y, se convertirá en quién está llamada a ser»</strong> . . . </p>



<p><strong>Short: <a href="https://youtube.com/shorts/cjrSKhBs9cU?si=B8ToDjUTNw-Q77jt">Mi vida tiene sentido</a></strong> LamaRinchen . . . <strong>El único y el verdadero objetivo de la vida es, eliminar los velos que no dejan aflorar nuestra grandeza, crecer y madurar en el camino.</strong> «Haz lo mejor que puedas, en las circunstancias en las que te encuentres. No importa en el monento en el que tu capacidad de entendimiento esté, lo verdaderamente importante es<strong> que yo estoy aprovechando y maximizando mi oportunidad y mi vida tiene sentido . . . </strong>No hay otra opción posible!! De lo contrario seguimos dormidos con la distracción, la sedación . . .</p>



<p><strong><a href="https://youtu.be/_9Gl2lwctcw">Los pensamientos curan más que los medicamentos</a></strong> Bruce Lipton</p>



<p><strong><a href="https://www.youtube.com/live/dloomm4uNPI?si=edOlqL81PBUYsXJS">Los pensamientos, el tesoro de la vida</a></strong> E Simó . . . <strong>La meditación es una reflexión interna</strong>, desde el silencio. <strong>Cuando nos damos cuenta de que, creamos toda nuestra historia en nuestros pensamientos, que la semilla de todo lo que nos está pasando está en nuestros pensamientos. Que podemos crear una historia nueva si cambiamos la semilla de nuestros pensamientos, la vida cambia</strong>. El hecho de ser conscientes de nuestros pensamientos, de qué nos cuenta nuestra mente, es algo que, para la gran mayoría de personas, es que ni siquiera está en su radar. <strong>Ni siquiera se imaginan que pueden ser conscientes de sus pensamientos y de que pueden cambiarlos</strong>. Nuestros pensamientos pueden crear un infierno o un paraíso en nuestras vidas. Muchos, quieren anular la mente, porque sólo conocen la parte infernal. Esa mente que, genera tanto ruído, tanto malestar, tanta angustia dentro y tanto sufrimiento. Creen que la mente es mala y dicen que, hay que eliminarla. <strong>La mente es como el dinero</strong>. El dinero es un elemento con el que <strong>puedes construir un hospital o crear una guerra</strong>. El dinero es un papel, un número. <strong>La mente es, una facultad que crea pensamientos y los pensamientos son energía. Qué tipo de energía estou creando? </strong>Energía poderosa, positiva, elevada, constructiva o estoy creando una energía débil, negativa, de baja vibración. En realidad,<strong> la mente es neutra y tú eres el creador de tus pensamientos</strong>. Con tu mente, <strong>creas un paraíso y con esos pensamientos tienes el poder de influir en los demás positivamente</strong>: creando un buen ambiente, inspirarles a ahacer esfuerzos, motivarles a ver la vida de otra manera . . . o creas un infierno y con esos pensamientos negativos generan mal ambiente, discusión con los demás, rechazo, averesión, reacciones y es que <strong>Tú eliges! Es tu mente y es tu responsabilidad ser consciente de las semillas que estás plantando en ella</strong>. Y es que, los pensamientos son el mayor tesoro de nuestra vida . . .</p>



<p><strong>Short: <a href="https://youtube.com/shorts/6EFZ8UNn3Ro?si=9HUn4_sTD-HvzKcy">Cómo desarrollar una actitud</a></strong> MAP . . . Deja de dudar de tí mismo. <strong>Tu capacidad es mucho mayor de lo que crees. La única manera de que lo puedas comprobar es teniendo evidencias</strong> y, esas evidencias sólo las vas a obtener si te pones en marcha. Así que pregúntate: <strong>Cuál es el paso más pequeñito que me atrevo a dar? </strong>y dalo! porque te darás cuenta de que el mundo real es mucho más benévolo que el mundo mental. <strong>El mundo real te demostrará quién eres de verdad mientras que el mundo mental te mantendrá atrapado en quién te crees que eres</strong> . . .</p>



<p><strong>Short: </strong>«<strong><a href="https://youtube.com/shorts/or6Vlxpy4E8?si=oIPWH0dW6YOgd5C8">El misterio es la cosa más hermosa que podemos experimentar </a></strong>AEinstein . . . <strong>Es la fuente de todo arte y ciencia verdaderos. Aquel que no conoce esta emoción, que no puede detenerse a maravillarse y, quedarse absorto de asombro, está dormido, sus ojos están cerrados</strong>«&#8230;</p>



<p><strong>Short: <a href="https://youtube.com/shorts/UrUs22_Kmak?si=G0v2e3e4svlw0nNs">«Toda crisis es una herida por donde entra la luz»</a></strong> ÀlexRovira . . . <strong>Nada de lo bueno o lo menos bueno que nos suceda, es para siempre</strong>. Por tanto, vale la pena vivir el ahora, el momento presente. <strong>Aprovechar el tiempo y disfrutarlo y que podamos extraer todo el aprendizaje de las circunstancias desafiantes o retantes que la vida nos pone en el camino</strong>. Es por las heridas, por donde podemos ver la luz; por eso, lo que a veces puede parecer mala suerte, quizás <strong>con el tiempo, se puede convertir en nuestra fuente de creatividad</strong> . . . Ver cuento: <strong><a href="https://youtu.be/6GPRMzvgyjo?si=G4e2AQ9WbzxZb5jn">«Esto también pasará»</a></strong></p>



<p><strong><a href="https://youtu.be/VLwrnxTl_i4">Cómo ver todo lo que no te gusta de forma constructiva y positiva</a></strong> con <strong>Albert Espinosa, un gran referente</strong> <strong>y modelo de resiliencia.</strong></p>



<p></p>



<p><a href="https://youtu.be/H3DcZKsDE0s"><strong>How to make time for meditation</strong></a> (animated short film 3&#8242;)</p>



<p>(<strong>Último</strong> <strong>Curso</strong> realizado) Octubre/ 21:  <a href="https://www.youtube.com/watch?v=UuHCj-S4b7I&amp;list=PL7Eb8IuQmvNghPqJLWLYaaE1pnocz3yt-&amp;index=2&amp;t=6s"><strong>Curso Completo de Meditación RAJA YOGA</strong></a> <strong>Una verdadera joya de conocimento y sabiduría para entender</strong>, comprender de dónde venimos, qué somos, cuál nuestra misión y nuestro objetivo . . . con Enrique Simó</p>



<p>(<strong>Primer</strong> <strong>Curso</strong> realizado) Marzo/ 20:  <strong>1/6: Curso Esencial de «Pensamiento Positivo y Meditación Raja Yoga» <a href="https://youtu.be/82N58cQjDAQ">Entender cómo funciona nuestra mente y cómo nos identificamos</a></strong> con Enrique Simó<br><br><strong>2/6:</strong> <strong>Curso Esencial de «Pensamiento Positivo y Meditación Raja Yoga»</strong> <strong><a href="https://youtu.be/zlAxuVDDrVU">Identidad espiritual: Facultades del alma y su conexión con la dinámica interior de nuestro ser</a></strong> con Enrique Simó.</p>



<p><strong>3/6: Curso Esencial de «Pensamiento Positivo y Meditación Raja Yoga»</strong> <strong><a href="https://youtu.be/cr_DEAEIVcc">Conexión con lo más Divino, con esa Luz que nos da Energía en nuestra vida</a></strong> con Enrique Simó</p>



<p><strong>4/6:</strong>  <strong>Curso Esencial de «Pensamiento Positivo y Meditación Raja Yoga»</strong> <strong><a href="https://youtu.be/8h_Z5hAHWYs">La Ley del Karma: Causa &#8211; Efecto «lo que siembro, recogeré»</a></strong> con Enrique Simó</p>



<p>Y como muchas veces pasa, que <strong>las dudas de algunos, pueden ser aclaraciones para otros</strong> . . . </p>



<p><strong>5ª Sesión<a href="https://youtu.be/glUJVSmvzoM"> Preguntas y Respuestas</a></strong> del <strong>Curso Esencial de «Pensamiento Positivo y Meditación Raja Yoga»</strong> impartido por Enrique Simó</p>



<p><strong>6ª Sesión Turno de <a href="https://youtu.be/ocLJTZAAOyk">Preguntas y Respuestas II</a> del Curso Esencial de Meditación Raja Yoga</strong> con Enrique Simó</p>



<p class="has-background" style="background-color:#d052e0">Ver: <strong><a href="https://micronauta.com/DOLORS/meditaciones/">Meditaciones Guiadas</a> </strong>online programadas y ya realizadas: </p>



<p><strong><a href="https://aembk.es/">Activitats setmanals online BK</a></strong></p>



<p><strong>Otros links:</strong></p>



<p><strong><a href="https://youtu.be/vdHFElyjOAc">Sabias palabras y base del Budismo by Thich Nhat Hanh y Mantra de Avalokitesvara</a></strong></p>



<p><a href="https://www.brahmakumaris.org/es/meditaci%C3%B3n/c%C3%B3mo-meditar">¿Cómo meditar? </a><strong><a href="https://youtu.be/Ab-GKEz7sYw">Recupera tu fuerza en 1 minuto</a></strong></p>



<p><a href="https://www.youtube.com/watch?v=ikBZNUDwHbI"><strong>¿Cómo entrenar esa mente de mono que tanto nos manipula?</strong></a></p>



<p><a href="https://www.comunidadkundalini.com/noticias/en-mayo/">Mantra para los cambios de Estación</a></p>



<p><a href="https://www.mundifrases.com/s-libro/el-poder-del-ahora-una-guia-para-la-iluminacion-espiritual/">El poder del <strong>AHORA</strong></a></p>



<p><a href="https://www.youtube.com/watch?v=xYmDyHC4Oc0  ">¿Qué somos en el Universo?</a></p>



<p><a href="https://www.youtube.com/watch?v=EhJV5PL-UDw">¿Que son las <strong>Banderas de Pregaria?</strong></a></p>



<p><strong><a href="https://youtu.be/4EzBP_N-urw">¿Cómo nos influye en nuestra vida el «Efecto Mariposa»?</a></strong></p>



<p><strong><a href="https://youtu.be/vGR3qGjaSvY?si=uYsBYkUbIzjdkrO_">La Teoría del Agua y cómo nos influye cómo nos hablamos! </a></strong>M Emoto</p>



<p></p>



<div class="wp-block-image"><figure class="aligncenter is-resized"><img loading="lazy" src="https://micronauta.com/DOLORS/wp-content/uploads/2023/10/El-mundo-es-un-espejo.jpg" alt="La imagen tiene un atributo ALT vacío; su nombre de archivo es El-mundo-es-un-espejo.jpg" width="350" height="350"/><figcaption><strong>Post: <a href="https://micronauta.com/DOLORS/wp-admin/post.php?post=755&amp;action=edit">La Ley del Espejo</a></strong></figcaption></figure></div>



<p></p>



<figure class="wp-block-embed-youtube wp-block-embed is-type-video is-provider-youtube wp-embed-aspect-16-9 wp-has-aspect-ratio"><div class="wp-block-embed__wrapper">
<iframe title="La Ley del Espejo | Tu herramienta de Crecimiento Personal | Autoconocimiento" width="640" height="360" src="https://www.youtube.com/embed/_AHLcpFHMSE?feature=oembed" frameborder="0" allow="accelerometer; autoplay; clipboard-write; encrypted-media; gyroscope; picture-in-picture; web-share" referrerpolicy="strict-origin-when-cross-origin" allowfullscreen></iframe>
</div></figure>



<p></p>



<p><strong><a href="https://www.brahmakumaris.org/es/sabidur%C3%ADa/conferencias-online">Conferencias online BK</a></strong></p>



<p><strong><a href="https://www.youtube.com/channel/UCR1XE71EuesXzxzwSdm8r3g">Conferencias online BK para descubrir tus cualidades innatas</a></strong></p>



<p><strong><a href="https://www.brahmakumaris.es/recursos/audio-visual/audio_conferencias">Audio-Conferencias BK</a></strong></p>



<p></p>

<p>Short: Quién eres vs quién podrías ser M A Puig . . . Goethe: «Trata a una persona como parece que es y seguirá siendo como siempre ha sido. Trátala como podría llegar a ser y, se convertirá en quién&#8230;</p>
