{"id":51,"date":"2019-10-18T16:29:33","date_gmt":"2019-10-18T14:29:33","guid":{"rendered":"https:\/\/micronauta.com\/autodidactas\/?page_id=51"},"modified":"2022-03-13T11:58:29","modified_gmt":"2022-03-13T10:58:29","slug":"quien-soy","status":"publish","type":"page","link":"https:\/\/micronauta.com\/autodidactas\/","title":{"rendered":"\u00bfQui\u00e9n soy ?"},"content":{"rendered":"\n<p><\/p>\n\n\n\n<p>Digamos que soy un aficionado y en ocasiones un apasionado de las nuevas tecnologias. Una persona creativa a quien le gusta que su imaginaci\u00f3n se divierta.<\/p>\n\n\n\n<p>Con el tiempo y desde la aparici\u00f3n de la&nbsp;<strong>World Wide Web<\/strong>&nbsp;(<strong>WWW<\/strong>) o&nbsp;<strong>red inform\u00e1tica mundial<\/strong> a nivel p\u00fablico en general en el a\u00f1o 1992 , ya por entonces me qued\u00e9 sorprendido por la gran oportunidad que supon\u00eda esta tecnologia y desde entonces fui evolucionando y siguiendo de cerca y con pasi\u00f3n  todo lo relativo a esta RED. Recuerdo todavia aquellos primeros modem telef\u00f3nicos con su caracter\u00edstico sonido que hac\u00edan que las tres w tuvieran el significado de Wait Wai Wait , hab\u00eda que esperar esperar y esperar para que en tu monitor apareciera un contenido que alguien hab\u00eda alojado en un servidor remoto. Habia despertado en mi la mayor energia posible, la fuerza de la  imaginaci\u00f3n que en ocasiones se divertia en forma de creatividad y conocimiento autorreflexivo. <\/p>\n\n\n\n<p>De alguna manera paralelamente a mi vocacional profesi\u00f3n de enfermero, fu\u00ed creciendo en otros \u00e1mbitos que me generaban grandes satisfacciones personales, retos  y en ocasiones no pocos dolores de cabeza. <\/p>\n\n\n\n<p>En resumen , encontr\u00e9 en INTERNET , una fuente de inspiraci\u00f3n a mi imaginaci\u00f3n :Para algunos de mi generaci\u00f3n y en los a\u00f1os 90 me convert\u00ed en lo que hoy dirian los jovenes un friki o extravagante con una afici\u00f3n por entonces desconocida para la mayoria.<\/p>\n\n\n\n<p>Similar  aquel hidalgo castellano de lanza en astillero, adarga antigua, roc\u00edn flaco y galgo corredor le ocurri\u00f3 lo nunca visto. \u00abSe enfrasc\u00f3 tanto en su lectura, que se le pasaban las noches leyendo de claro en claro, y los d\u00edas de turbio en turbio, y as\u00ed, del poco dormir y del mucho leer, se le sec\u00f3 el cerebro, de manera que vino a perder el juicio\u00bb. As\u00ed es como describe&nbsp;<a href=\"http:\/\/www.lavozdegalicia.es\/temas\/miguel-de-cervantes\">Miguel de Cervantes<\/a>&nbsp;la manera en que Alonso Quijano se volvi\u00f3 loco. Ese p\u00e1rrafo ha dejado&nbsp;<strong>en el imaginario popular la idea de que al castellano lo enloqueci\u00f3 la cantidad de libros de caballer\u00eda que devoraba<\/strong>. Los libros de caballeria en mi caso fueron los articulos que encontraba sobre aquel lugar extra\u00f1o de las tres W.<\/p>\n\n\n\n<p>Muchos autores coinciden en que la p\u00e9rdida de juicio <strong>no fue tanto la cantidad de libros que le\u00eda Don Quijote de la Mancha; fue, m\u00e1s bien, su inter\u00e9s por encontrar sentido a aquello que le\u00eda<\/strong>.&nbsp;<\/p>\n\n\n\n<p>Afortunadamente el cerebro lejos de secarse tal como dec\u00eda Cervantes parece ser que como si de un m\u00fasculo se tratara que  iba cogiendo fuerza. Lo de enloquecer entendiendo esta sana locura como una forma de ver el mundo de forma diferente a lo que los medios de comunicaci\u00f3n y nuestra cultura social nos quiere imponer como la realidad  correcta, pues bienvenida sea esta nueva visi\u00f3n tambien real  de nuestro poli\u00e9drico mundo. <\/p>\n\n\n\n<p>Ocupe muchos a\u00f1os a explorar las posibilidades que se mostraban en mi camino , como Don Quijote ensillando mi rocin y saliendo al campo. Mi rocin era un ordenador 286 y la puerta al campo un ridiculo moden de 2400 baudios que podias conseguir en un kiosco junto a una de aquellas revistas de informatica.Como puedes imaginar , los gigantes eran enormes y las aspas de los molinos giraban muy lentamente.<\/p>\n\n\n\n<p>Despu\u00e9s de muchas aventuras y desventuras un d\u00eda me percate de que incluida la creaci\u00f3n y dise\u00f1o de esta misma web utilizando el CMS WordPress estaba aprendiendo en solitario muchas de las cosas que me hacen pasarlo bien. El problema es que no se trataba de un curso online o de una sola direcci\u00f3n web , El caso era que aquello que me permitia entender o dar sentido a lo que leia y buscaba como aprendizaje ; se encontraba fragmentado entre muchos lugares que la RED me ofrecia.<\/p>\n\n\n\n<p>Reconozco que gracias a la generosidad de la gran cantidad de gente que cuelga en internet sus conocimientos , bien escrito o en formato audiovisual , he tenido la necesidad personal de organizar y colocar en un mismo sitio todos los enlaces y anotaciones que utilizo para el autoaprendizaje de mis aficiones. Por tanto me mueve poner orden a toda la informaci\u00f3n acumulada durante todo este tiempo y si eres una de las personas que me conoce en persona ya sabes que de esa afici\u00f3n que compartimos ,aqui puedes encontrar los que a m\u00ed, por el momento me resultan \u00fatil.<\/p>\n\n\n\n<p>Las b\u00fasquedas son las que dan sentido a la vida , nuestro viaje a ITACA.<\/p>\n\n\n\n<p>Como mi admirado <strong>DonQuijote<\/strong>&nbsp;que se lanza a vivir una ficci\u00f3n como si fuera la realidad, porque la vida, por s\u00ed misma, no lo es.<\/p>\n\n\n\n<p>Seguimos , nos vemos si volvemos a coincidir en alguna taberna, sendero o ruta motera, pues mi actual roc\u00edn calza herraduras de caucho y cuerpo de hierro  . Saludos.<\/p>\n\n\n\n<p><em>Antonio Melero Silvestre<\/em> @octubre 2109<\/p>\n\n\n\n<p><\/p>\n","protected":false},"excerpt":{"rendered":"<p>Digamos que soy un aficionado y en ocasiones un apasionado de las nuevas tecnologias. Una persona creativa a quien le gusta que su imaginaci\u00f3n se divierta. Con el tiempo y desde la aparici\u00f3n de la&nbsp;World Wide Web&nbsp;(WWW) o&nbsp;red inform\u00e1tica mundial&#8230;<\/p>\n","protected":false},"author":1,"featured_media":0,"parent":0,"menu_order":0,"comment_status":"open","ping_status":"closed","template":"","meta":[],"_links":{"self":[{"href":"https:\/\/micronauta.com\/autodidactas\/wp-json\/wp\/v2\/pages\/51"}],"collection":[{"href":"https:\/\/micronauta.com\/autodidactas\/wp-json\/wp\/v2\/pages"}],"about":[{"href":"https:\/\/micronauta.com\/autodidactas\/wp-json\/wp\/v2\/types\/page"}],"author":[{"embeddable":true,"href":"https:\/\/micronauta.com\/autodidactas\/wp-json\/wp\/v2\/users\/1"}],"replies":[{"embeddable":true,"href":"https:\/\/micronauta.com\/autodidactas\/wp-json\/wp\/v2\/comments?post=51"}],"version-history":[{"count":10,"href":"https:\/\/micronauta.com\/autodidactas\/wp-json\/wp\/v2\/pages\/51\/revisions"}],"predecessor-version":[{"id":561,"href":"https:\/\/micronauta.com\/autodidactas\/wp-json\/wp\/v2\/pages\/51\/revisions\/561"}],"wp:attachment":[{"href":"https:\/\/micronauta.com\/autodidactas\/wp-json\/wp\/v2\/media?parent=51"}],"curies":[{"name":"wp","href":"https:\/\/api.w.org\/{rel}","templated":true}]}}